{"id":1699,"date":"2021-03-22T20:43:08","date_gmt":"2021-03-22T19:43:08","guid":{"rendered":"https:\/\/jakubmichalovic.cz\/web\/?page_id=1699"},"modified":"2021-03-29T15:31:08","modified_gmt":"2021-03-29T13:31:08","slug":"eventy-a-firemni-akce","status":"publish","type":"page","link":"https:\/\/jakubmichalovic.cz\/web\/eventy-a-firemni-akce\/","title":{"rendered":"Eventy a firemn\u00ed akce"},"content":{"rendered":"<h2>Eventy a firemn\u00ed akce<\/h2>\n<p>Chcete uspo\u0159\u00e1dat firemn\u00ed den pro sv\u00e9 obchodn\u00ed partnery, nebo teambuilding pro zam\u011bstnance? Chcete uspo\u0159\u00e1dat prezenta\u010dn\u00ed den va\u0161\u00ed firmy? To v\u0161e v motoristick\u00e9m duchu? Hled\u00e1te na takovou akci vhodnou agenturu?<\/p>\n<p>Zajist\u00edm V\u00e1m event na m\u00edru nap\u0159\u00edklad na z\u00e1vodn\u00edch okruz\u00edch, cvi\u010debn\u00edch polygonech, na zimn\u00edch ledov\u00fdch drah\u00e1ch, nebo na jin\u00fdch V\u00e1mi zvolen\u00fdch m\u00edstech. A to v\u010detn\u011b profesion\u00e1ln\u00edho t\u00fdmu instruktor\u016f.<\/p>\n<p><strong>M\u016f\u017eeme uspo\u0159\u00e1dat event, p\u0159i kter\u00e9m si v\u0161ichni u\u017eij\u00ed opravdovou motorsportovou atmosf\u00e9ru, v\u010detn\u011b svezen\u00ed v ostr\u00e9 z\u00e1vodn\u00ed technice. Nebo event v Alp\u00e1ch s pestr\u00fdm programem a vyj\u00ed\u017e\u010fkami po horsk\u00fdch silnic\u00edch v autech sn\u016f.<\/strong><\/p>\n<p>D\u00e1le m\u016f\u017eeme uspo\u0159\u00e1dat prezentaci a testov\u00e1n\u00ed nap\u0159\u00edklad nov\u00e9ho modelu vozu. Na\u0161i instrukto\u0159i maj\u00ed dlouholet\u00e9 zku\u0161enosti s \u0159idi\u010dsk\u00fdmi kurzy, a tak i zkou\u0161ka vozidel v krizov\u00fdch situac\u00edch na cvi\u010debn\u00edch polygonech je pod jejich veden\u00edm naprosto bezpe\u010dn\u00e1.<\/p>\n<p>Ve\u0161ker\u00e9 eventy v\u00e1m zajist\u00edm komplexn\u011b. Organizace, technick\u00e9 zabezpe\u010den\u00ed, catering, hostesky, atd.<\/p>\n","protected":false},"excerpt":{"rendered":"<p>Eventy a firemn\u00ed akce Chcete uspo\u0159\u00e1dat firemn\u00ed den pro sv\u00e9 obchodn\u00ed partnery, nebo teambuilding pro zam\u011bstnance? Chcete uspo\u0159\u00e1dat prezenta\u010dn\u00ed den&#8230;<\/p>\n","protected":false},"author":1,"featured_media":1701,"parent":0,"menu_order":0,"comment_status":"closed","ping_status":"closed","template":"","meta":{"_acf_changed":false,"ngg_post_thumbnail":0,"footnotes":""},"class_list":["post-1699","page","type-page","status-publish","has-post-thumbnail","hentry"],"acf":[],"_links":{"self":[{"href":"https:\/\/jakubmichalovic.cz\/web\/wp-json\/wp\/v2\/pages\/1699","targetHints":{"allow":["GET"]}}],"collection":[{"href":"https:\/\/jakubmichalovic.cz\/web\/wp-json\/wp\/v2\/pages"}],"about":[{"href":"https:\/\/jakubmichalovic.cz\/web\/wp-json\/wp\/v2\/types\/page"}],"author":[{"embeddable":true,"href":"https:\/\/jakubmichalovic.cz\/web\/wp-json\/wp\/v2\/users\/1"}],"replies":[{"embeddable":true,"href":"https:\/\/jakubmichalovic.cz\/web\/wp-json\/wp\/v2\/comments?post=1699"}],"version-history":[{"count":23,"href":"https:\/\/jakubmichalovic.cz\/web\/wp-json\/wp\/v2\/pages\/1699\/revisions"}],"predecessor-version":[{"id":2176,"href":"https:\/\/jakubmichalovic.cz\/web\/wp-json\/wp\/v2\/pages\/1699\/revisions\/2176"}],"wp:featuredmedia":[{"embeddable":true,"href":"https:\/\/jakubmichalovic.cz\/web\/wp-json\/wp\/v2\/media\/1701"}],"wp:attachment":[{"href":"https:\/\/jakubmichalovic.cz\/web\/wp-json\/wp\/v2\/media?parent=1699"}],"curies":[{"name":"wp","href":"https:\/\/api.w.org\/{rel}","templated":true}]}}